{"id":1056,"date":"2014-03-10T07:45:24","date_gmt":"2014-03-10T06:45:24","guid":{"rendered":"http:\/\/www.otuzilci-brno.cz\/?page_id=1056"},"modified":"2019-03-30T09:02:53","modified_gmt":"2019-03-30T08:02:53","slug":"2014-pardubice-3-3-2-2-2-2","status":"publish","type":"page","link":"https:\/\/www.otuzilci-brno.cz\/?page_id=1056","title":{"rendered":"9.3.2014 &#8211; \u0160o\u0161\u016fvka"},"content":{"rendered":"<p>otu\u017eileck\u00e9 plav\u00e1n\u00ed<br \/>\n<!--more--><\/p>\n<h4>\u00a9Foto:\u00a0Pavel Nov\u00e1k<\/h4>\n<ul>\n<li>Um\u00edst\u011bn\u00e9 na webu sloup.info:\u00a0<a title=\"http:\/\/www.sloup.info\/fotogalerie\/sloup-v-udalostech\/2014\/otuzilecke-plavani\/\" href=\"http:\/\/www.sloup.info\/fotogalerie\/sloup-v-udalostech\/2014\/otuzilecke-plavani\/\">http:\/\/www.sloup.info\/fotogalerie\/sloup-v-udalostech\/2014\/otuzilecke-plavani\/<\/a><\/li>\n<li>Video:\u00a0<a style=\"line-height: 1.5em;\" title=\"http:\/\/www.youtube.com\/watch?v=iQiqqhtUdSw\" href=\"http:\/\/www.youtube.com\/watch?v=iQiqqhtUdSw\">http:\/\/www.youtube.com\/watch?v=iQiqqhtUdSw<\/a><\/li>\n<\/ul>\n<h4><span style=\"font-size: 1em; line-height: 1.5em;\">\u00a9Foto: Dalimil Marek<\/span><\/h4>\n<div class=\"flickr-justified-gallery-error\"><span style=\"color:red\">Flickr API error: <\/span><span class=\"flickr-justified-gallery-error-msg\">Invalid API Key (Key has invalid format)<\/span><\/div>\n","protected":false},"excerpt":{"rendered":"<p>otu\u017eileck\u00e9 plav\u00e1n\u00ed<\/p>\n","protected":false},"author":1,"featured_media":1061,"parent":238,"menu_order":137,"comment_status":"closed","ping_status":"open","template":"","meta":{"ngg_post_thumbnail":0,"footnotes":""},"class_list":["post-1056","page","type-page","status-publish","has-post-thumbnail","hentry"],"_links":{"self":[{"href":"https:\/\/www.otuzilci-brno.cz\/index.php?rest_route=\/wp\/v2\/pages\/1056","targetHints":{"allow":["GET"]}}],"collection":[{"href":"https:\/\/www.otuzilci-brno.cz\/index.php?rest_route=\/wp\/v2\/pages"}],"about":[{"href":"https:\/\/www.otuzilci-brno.cz\/index.php?rest_route=\/wp\/v2\/types\/page"}],"author":[{"embeddable":true,"href":"https:\/\/www.otuzilci-brno.cz\/index.php?rest_route=\/wp\/v2\/users\/1"}],"replies":[{"embeddable":true,"href":"https:\/\/www.otuzilci-brno.cz\/index.php?rest_route=%2Fwp%2Fv2%2Fcomments&post=1056"}],"version-history":[{"count":5,"href":"https:\/\/www.otuzilci-brno.cz\/index.php?rest_route=\/wp\/v2\/pages\/1056\/revisions"}],"predecessor-version":[{"id":1077,"href":"https:\/\/www.otuzilci-brno.cz\/index.php?rest_route=\/wp\/v2\/pages\/1056\/revisions\/1077"}],"up":[{"embeddable":true,"href":"https:\/\/www.otuzilci-brno.cz\/index.php?rest_route=\/wp\/v2\/pages\/238"}],"wp:featuredmedia":[{"embeddable":true,"href":"https:\/\/www.otuzilci-brno.cz\/index.php?rest_route=\/wp\/v2\/media\/1061"}],"wp:attachment":[{"href":"https:\/\/www.otuzilci-brno.cz\/index.php?rest_route=%2Fwp%2Fv2%2Fmedia&parent=1056"}],"curies":[{"name":"wp","href":"https:\/\/api.w.org\/{rel}","templated":true}]}}