{"id":1576,"date":"2014-09-13T19:48:05","date_gmt":"2014-09-13T17:48:05","guid":{"rendered":"http:\/\/www.otuzilci-brno.cz\/?page_id=1576"},"modified":"2019-03-30T09:02:52","modified_gmt":"2019-03-30T08:02:52","slug":"2014-racice-mcr-2","status":"publish","type":"page","link":"https:\/\/www.otuzilci-brno.cz\/?page_id=1576","title":{"rendered":"13.9.2014 &#8211; Slavkov, odd\u00edlov\u00fd La Manche"},"content":{"rendered":"<p>Odd\u00edlov\u00fd z\u00e1vod \u0161tafet v p\u0159ekon\u00e1n\u00ed vzd\u00e1lenosti kan\u00e1lu La Manche<!--more--><\/p>\n<h4>\u00a9Foto:\u00a0Radom\u00edr a Petr Kure\u010dkovi<\/h4>\n<div class=\"flickr-justified-gallery-error\"><span style=\"color:red\">Flickr API error: <\/span><span class=\"flickr-justified-gallery-error-msg\">Invalid API Key (Key has invalid format)<\/span><\/div>\n","protected":false},"excerpt":{"rendered":"<p>Odd\u00edlov\u00fd z\u00e1vod \u0161tafet v p\u0159ekon\u00e1n\u00ed vzd\u00e1lenosti kan\u00e1lu La Manche<\/p>\n","protected":false},"author":1,"featured_media":1579,"parent":238,"menu_order":120,"comment_status":"closed","ping_status":"closed","template":"","meta":{"ngg_post_thumbnail":0,"footnotes":""},"class_list":["post-1576","page","type-page","status-publish","has-post-thumbnail","hentry"],"_links":{"self":[{"href":"https:\/\/www.otuzilci-brno.cz\/index.php?rest_route=\/wp\/v2\/pages\/1576","targetHints":{"allow":["GET"]}}],"collection":[{"href":"https:\/\/www.otuzilci-brno.cz\/index.php?rest_route=\/wp\/v2\/pages"}],"about":[{"href":"https:\/\/www.otuzilci-brno.cz\/index.php?rest_route=\/wp\/v2\/types\/page"}],"author":[{"embeddable":true,"href":"https:\/\/www.otuzilci-brno.cz\/index.php?rest_route=\/wp\/v2\/users\/1"}],"replies":[{"embeddable":true,"href":"https:\/\/www.otuzilci-brno.cz\/index.php?rest_route=%2Fwp%2Fv2%2Fcomments&post=1576"}],"version-history":[{"count":3,"href":"https:\/\/www.otuzilci-brno.cz\/index.php?rest_route=\/wp\/v2\/pages\/1576\/revisions"}],"predecessor-version":[{"id":1601,"href":"https:\/\/www.otuzilci-brno.cz\/index.php?rest_route=\/wp\/v2\/pages\/1576\/revisions\/1601"}],"up":[{"embeddable":true,"href":"https:\/\/www.otuzilci-brno.cz\/index.php?rest_route=\/wp\/v2\/pages\/238"}],"wp:featuredmedia":[{"embeddable":true,"href":"https:\/\/www.otuzilci-brno.cz\/index.php?rest_route=\/wp\/v2\/media\/1579"}],"wp:attachment":[{"href":"https:\/\/www.otuzilci-brno.cz\/index.php?rest_route=%2Fwp%2Fv2%2Fmedia&parent=1576"}],"curies":[{"name":"wp","href":"https:\/\/api.w.org\/{rel}","templated":true}]}}

13.9.2014 &#8211; Slavkov, oddílový La Manche

<p>Oddílový závod štafet v překonání vzdálenosti kanálu La Manche<!--more--></p>
<h4>©Foto: Radomír a Petr Kurečkovi</h4>
<div class="flickr-justified-gallery-error"><span style="color:red">Flickr API error: </span><span class="flickr-justified-gallery-error-msg">Invalid API Key (Key has invalid format)</span></div>

<p>Oddílový závod štafet v překonání vzdálenosti kanálu La Manche</p>
