{"id":2335,"date":"2016-01-05T13:04:10","date_gmt":"2016-01-05T12:04:10","guid":{"rendered":"http:\/\/www.otuzilci-brno.cz\/?page_id=2335"},"modified":"2019-03-30T09:02:51","modified_gmt":"2019-03-30T08:02:51","slug":"1-1-2016-krest","status":"publish","type":"page","link":"https:\/\/www.otuzilci-brno.cz\/?page_id=2335","title":{"rendered":"1.1.2016 &#8211; K\u0159est"},"content":{"rendered":"<p>Novoro\u010dn\u00ed k\u0159est nov\u00fdch \u010dlen\u016f a otu\u017eileck\u00e9 koup\u00e1n\u00ed<\/p>\n<p><!--more--><\/p>\n<h4>\u00a9Foto: Radom\u00edr Kure\u010dka<\/h4>\n<div class=\"flickr-justified-gallery-error\"><span style=\"color:red\">Flickr API error: <\/span><span class=\"flickr-justified-gallery-error-msg\">Invalid API Key (Key has invalid format)<\/span><\/div>\n<h4>\u00a9Foto:\u00a0Dalimil Marek<\/h4>\n<div class=\"flickr-justified-gallery-error\"><span style=\"color:red\">Flickr API error: <\/span><span class=\"flickr-justified-gallery-error-msg\">Invalid API Key (Key has invalid format)<\/span><\/div>\n<h4>\u00a9Foto:\u00a0Standa Kopeck\u00fd<\/h4>\n<p><a href=\"http:\/\/ottopicture.rajce.idnes.cz\/\">http:\/\/ottopicture.rajce.idnes.cz\/<\/a><\/p>\n<h4>\u00a9Foto: Brn\u011bnsk\u00fd Den\u00edk<\/h4>\n<p><a href=\"http:\/\/brnensky.denik.cz\/galerie\/otuzilci-zazili-tradicni-novorocni-krest-v-rece-svratce.html\">http:\/\/brnensky.denik.cz\/galerie\/otuzilci-zazili-tradicni-novorocni-krest-v-rece-svratce.html<\/a><\/p>\n","protected":false},"excerpt":{"rendered":"<p>Novoro\u010dn\u00ed k\u0159est nov\u00fdch \u010dlen\u016f a otu\u017eileck\u00e9 koup\u00e1n\u00ed<\/p>\n","protected":false},"author":1,"featured_media":2338,"parent":238,"menu_order":76,"comment_status":"closed","ping_status":"closed","template":"","meta":{"ngg_post_thumbnail":0,"footnotes":""},"class_list":["post-2335","page","type-page","status-publish","has-post-thumbnail","hentry"],"_links":{"self":[{"href":"https:\/\/www.otuzilci-brno.cz\/index.php?rest_route=\/wp\/v2\/pages\/2335","targetHints":{"allow":["GET"]}}],"collection":[{"href":"https:\/\/www.otuzilci-brno.cz\/index.php?rest_route=\/wp\/v2\/pages"}],"about":[{"href":"https:\/\/www.otuzilci-brno.cz\/index.php?rest_route=\/wp\/v2\/types\/page"}],"author":[{"embeddable":true,"href":"https:\/\/www.otuzilci-brno.cz\/index.php?rest_route=\/wp\/v2\/users\/1"}],"replies":[{"embeddable":true,"href":"https:\/\/www.otuzilci-brno.cz\/index.php?rest_route=%2Fwp%2Fv2%2Fcomments&post=2335"}],"version-history":[{"count":6,"href":"https:\/\/www.otuzilci-brno.cz\/index.php?rest_route=\/wp\/v2\/pages\/2335\/revisions"}],"predecessor-version":[{"id":2343,"href":"https:\/\/www.otuzilci-brno.cz\/index.php?rest_route=\/wp\/v2\/pages\/2335\/revisions\/2343"}],"up":[{"embeddable":true,"href":"https:\/\/www.otuzilci-brno.cz\/index.php?rest_route=\/wp\/v2\/pages\/238"}],"wp:featuredmedia":[{"embeddable":true,"href":"https:\/\/www.otuzilci-brno.cz\/index.php?rest_route=\/wp\/v2\/media\/2338"}],"wp:attachment":[{"href":"https:\/\/www.otuzilci-brno.cz\/index.php?rest_route=%2Fwp%2Fv2%2Fmedia&parent=2335"}],"curies":[{"name":"wp","href":"https:\/\/api.w.org\/{rel}","templated":true}]}}