{"id":26,"date":"2013-12-03T11:56:25","date_gmt":"2013-12-03T11:56:25","guid":{"rendered":"http:\/\/www.otuzilci-brno.cz\/?page_id=26"},"modified":"2023-03-09T10:49:27","modified_gmt":"2023-03-09T09:49:27","slug":"soucasnost","status":"publish","type":"page","link":"https:\/\/www.otuzilci-brno.cz\/?page_id=26","title":{"rendered":"Sou\u010dasnost odd\u00edlu Fides"},"content":{"rendered":"<p>Na\u0161i plavci i nad\u00e1le z\u016fst\u00e1vaj\u00ed rozd\u011blen\u00ed do jednotliv\u00fdch teritori\u00e1ln\u00edch skupin. Nejv\u011bt\u0161\u00ed skupinou je ta brn\u011bnsk\u00e1. Druhou nejstar\u0161\u00ed pak Severn\u00ed aliance s plavci z Liberce a Jablonce.&nbsp; Siln\u00e1 je skupina plavc\u016f ze Slavkova u Brna, kter\u00e1 se star\u00e1 o t\u00e9m\u011b\u0159 polovinu na\u0161ich \u00fasp\u011bch\u016f. Spole\u010dn\u011b v t\u00e9to sez\u00f3n\u011b po\u0159\u00e1d\u00e1me \u010dty\u0159i sout\u011b\u017ee zimn\u00edho plav\u00e1n\u00ed, na Punkv\u011b, ve Slavkov\u011b, v Lul\u010di a Mistrovstv\u00ed \u010cesk\u00e9 republiky v Brn\u011b.<\/p>\n<p>V letn\u00ed sez\u00f3n\u011b roku 2017 jsme v \u010cesk\u00e9m poh\u00e1ru m\u011bli \u0161ance na dobr\u00e9 um\u00edst\u011bn\u00ed a na\u0161e p\u0159edsez\u00f3nn\u00ed c\u00edle se n\u00e1m poda\u0159ilo op\u011bt p\u0159ekro\u010dit. A\u017e na za\u010d\u00e1tku z\u00e1\u0159\u00ed jsme byli p\u0159edsti\u017eeni pouze siln\u00fdm odd\u00edlem Bohemians. Zisk druh\u00e9ho m\u00edsta byl nejlep\u0161\u00edm v historii odd\u00edlu.<\/p>\n<p>Deset let po sob\u011b jsme vyhr\u00e1li na Mistrovstv\u00ed \u010cR \u0161tafet v\u011bkovou kategorii 240+ a ji\u017e \u0161est rok\u016f tak\u00e9 kategorii 100 \u2013 159 let.<\/p>\n<p>V b\u0159eznu 2018 jsme odjeli v rekordn\u011b siln\u00e9 sestav\u011b na 11. Mistrovstv\u00ed sv\u011bta asociace IWSA. V estonsk\u00e9m Tallinnu se \u010desk\u00e1 v\u00fdprava neztratila a vybojovala dvacet cenn\u00fdch kov\u016f. Hned dvan\u00e1cti medailov\u00fdmi \u00fasp\u011bchy se na t\u00e9to bilanci pod\u00edleli plavci na\u0161eho odd\u00edlu. Od 7. b\u0159ezna 2018 odd\u00edl disponoval celkem p\u011bti mistry sv\u011bta. Na\u0161e z\u00e1vodnice Jana Matu\u0161t\u00edkov\u00e1 a Radka Eremi\u00e1\u0161ov\u00e1 z\u00edskaly v Estonsku dokonce dva nejcenn\u011bj\u0161\u00ed kovy. Mistrem sv\u011bta je tak\u00e9 Michal Slanina, absolutn\u00ed v\u00edt\u011bz \u010cesk\u00e9ho poh\u00e1ru z uplynul\u00e9 sez\u00f3ny. V\u016fbec prvn\u00edm \u010desk\u00fdm mistrem sv\u011bta v zimn\u00edm plav\u00e1n\u00ed se stala 20.&nbsp;b\u0159ezna 2014 ve finsk\u00e9m Rovaniemi Magda Okurkov\u00e1. A n\u00e1\u0161 seznam dopl\u0148uje je\u0161t\u011b slavn\u00e1 v\u00fdhra Eli\u0161ky Podmelov\u00e9 na kilometrov\u00e9 trati na MS asociace IISA v Burghausenu, to bylo 6. ledna 2017. V&nbsp;roce 2020 jsme na 12. MS IWSA na Bledu vybojovali 15 medail\u00ed, z&nbsp;toho t\u0159i zlat\u00e9.<\/p>\n<p>V\u0161echny tyto miln\u00edky jsme p\u0159ekonali na konci ledna 2023. Na 13. MS IWSA na Bledu jsme z\u00edskali \u00factyhodn\u00fdch 39 medail\u00ed a \u0161est na\u0161ich plavc\u016f se stalo mistry sv\u011bta.<\/p>\n<p>V&nbsp;pr\u016fb\u011bhu zimn\u00ed sez\u00f3ny 2022\/2023 je snahou veden\u00ed odd\u00edlu, aby kl\u00ed\u010dov\u00ed plavci zdolali \u00fasp\u011b\u0161n\u011b krit\u00e9ria nutn\u00e1 pro pokra\u010dov\u00e1n\u00ed \u010dlenstv\u00ed \u2013 p\u0159ihl\u00e1\u0161en\u00ed se a absolvov\u00e1n\u00ed l\u00e9ka\u0159sk\u00e9 prohl\u00eddky v\u010detn\u011b zasl\u00e1n\u00ed dokumentu a \u00fahrada \u010dlensk\u00fdch p\u0159\u00edsp\u011bvk\u016f. Na\u0161e \u00fasil\u00ed se ji\u017e tak\u00e9 odr\u00e1\u017e\u00ed na vynikaj\u00edc\u00edch d\u00edl\u010d\u00edch v\u00fdsledc\u00edch mnoha na\u0161ich plavc\u016f. V sou\u010dasn\u00e9 dob\u011b vedeme polovinu v\u0161ech kategori\u00ed.<\/p>\n<p>Brno, 9. 3. 2023&nbsp; &nbsp; &nbsp; &nbsp; &nbsp; &nbsp; &nbsp; &nbsp; &nbsp; &nbsp; &nbsp; &nbsp; &nbsp; &nbsp; &nbsp; &nbsp; &nbsp; &nbsp; &nbsp; &nbsp; &nbsp; &nbsp; &nbsp; &nbsp; &nbsp; &nbsp; &nbsp; &nbsp; &nbsp; &nbsp; &nbsp; &nbsp; &nbsp; &nbsp; &nbsp; &nbsp; &nbsp; &nbsp; &nbsp; &nbsp; &nbsp; &nbsp; &nbsp; &nbsp; &nbsp; &nbsp; &nbsp; &nbsp;Petr<\/p>\n","protected":false},"excerpt":{"rendered":"<p>Na\u0161i plavci i nad\u00e1le z\u016fst\u00e1vaj\u00ed rozd\u011blen\u00ed do jednotliv\u00fdch teritori\u00e1ln\u00edch skupin. Nejv\u011bt\u0161\u00ed skupinou je ta brn\u011bnsk\u00e1. Druhou nejstar\u0161\u00ed pak Severn\u00ed aliance s plavci z Liberce a Jablonce.&nbsp; Siln\u00e1 je skupina plavc\u016f ze Slavkova u Brna, kter\u00e1 se star\u00e1 o t\u00e9m\u011b\u0159 polovinu na\u0161ich \u00fasp\u011bch\u016f. Spole\u010dn\u011b v t\u00e9to sez\u00f3n\u011b po\u0159\u00e1d\u00e1me \u010dty\u0159i sout\u011b\u017ee zimn\u00edho plav\u00e1n\u00ed, na Punkv\u011b, ve Slavkov\u011b, &hellip; <a href=\"https:\/\/www.otuzilci-brno.cz\/?page_id=26\" class=\"more-link\">Pokra\u010dovat ve \u010dten\u00ed<span class=\"screen-reader-text\"> &#8222;Sou\u010dasnost odd\u00edlu Fides&#8220;<\/span><\/a><\/p>\n","protected":false},"author":1,"featured_media":7141,"parent":22,"menu_order":0,"comment_status":"closed","ping_status":"open","template":"","meta":{"ngg_post_thumbnail":0,"footnotes":""},"class_list":["post-26","page","type-page","status-publish","has-post-thumbnail","hentry"],"_links":{"self":[{"href":"https:\/\/www.otuzilci-brno.cz\/index.php?rest_route=\/wp\/v2\/pages\/26","targetHints":{"allow":["GET"]}}],"collection":[{"href":"https:\/\/www.otuzilci-brno.cz\/index.php?rest_route=\/wp\/v2\/pages"}],"about":[{"href":"https:\/\/www.otuzilci-brno.cz\/index.php?rest_route=\/wp\/v2\/types\/page"}],"author":[{"embeddable":true,"href":"https:\/\/www.otuzilci-brno.cz\/index.php?rest_route=\/wp\/v2\/users\/1"}],"replies":[{"embeddable":true,"href":"https:\/\/www.otuzilci-brno.cz\/index.php?rest_route=%2Fwp%2Fv2%2Fcomments&post=26"}],"version-history":[{"count":10,"href":"https:\/\/www.otuzilci-brno.cz\/index.php?rest_route=\/wp\/v2\/pages\/26\/revisions"}],"predecessor-version":[{"id":7142,"href":"https:\/\/www.otuzilci-brno.cz\/index.php?rest_route=\/wp\/v2\/pages\/26\/revisions\/7142"}],"up":[{"embeddable":true,"href":"https:\/\/www.otuzilci-brno.cz\/index.php?rest_route=\/wp\/v2\/pages\/22"}],"wp:featuredmedia":[{"embeddable":true,"href":"https:\/\/www.otuzilci-brno.cz\/index.php?rest_route=\/wp\/v2\/media\/7141"}],"wp:attachment":[{"href":"https:\/\/www.otuzilci-brno.cz\/index.php?rest_route=%2Fwp%2Fv2%2Fmedia&parent=26"}],"curies":[{"name":"wp","href":"https:\/\/api.w.org\/{rel}","templated":true}]}}

Současnost oddílu Fides

<p>Naši plavci i nadále zůstávají rozdělení do jednotlivých teritoriálních skupin. Největší skupinou je ta brněnská. Druhou nejstarší pak Severní aliance s plavci z Liberce a Jablonce.&nbsp; Silná je skupina plavců ze Slavkova u Brna, která se stará o téměř polovinu našich úspěchů. Společně v této sezóně pořádáme čtyři soutěže zimního plavání, na Punkvě, ve Slavkově, v Lulči a Mistrovství České republiky v Brně.</p>
<p>V letní sezóně roku 2017 jsme v Českém poháru měli šance na dobré umístění a naše předsezónní cíle se nám podařilo opět překročit. Až na začátku září jsme byli předstiženi pouze silným oddílem Bohemians. Zisk druhého místa byl nejlepším v historii oddílu.</p>
<p>Deset let po sobě jsme vyhráli na Mistrovství ČR štafet věkovou kategorii 240+ a již šest roků také kategorii 100 – 159 let.</p>
<p>V březnu 2018 jsme odjeli v rekordně silné sestavě na 11. Mistrovství světa asociace IWSA. V estonském Tallinnu se česká výprava neztratila a vybojovala dvacet cenných kovů. Hned dvanácti medailovými úspěchy se na této bilanci podíleli plavci našeho oddílu. Od 7. března 2018 oddíl disponoval celkem pěti mistry světa. Naše závodnice Jana Matuštíková a Radka Eremiášová získaly v Estonsku dokonce dva nejcennější kovy. Mistrem světa je také Michal Slanina, absolutní vítěz Českého poháru z uplynulé sezóny. Vůbec prvním českým mistrem světa v zimním plavání se stala 20.&nbsp;března 2014 ve finském Rovaniemi Magda Okurková. A náš seznam doplňuje ještě slavná výhra Elišky Podmelové na kilometrové trati na MS asociace IISA v Burghausenu, to bylo 6. ledna 2017. V&nbsp;roce 2020 jsme na 12. MS IWSA na Bledu vybojovali 15 medailí, z&nbsp;toho tři zlaté.</p>
<p>Všechny tyto milníky jsme překonali na konci ledna 2023. Na 13. MS IWSA na Bledu jsme získali úctyhodných 39 medailí a šest našich plavců se stalo mistry světa.</p>
<p>V&nbsp;průběhu zimní sezóny 2022/2023 je snahou vedení oddílu, aby klíčoví plavci zdolali úspěšně kritéria nutná pro pokračování členství – přihlášení se a absolvování lékařské prohlídky včetně zaslání dokumentu a úhrada členských příspěvků. Naše úsilí se již také odráží na vynikajících dílčích výsledcích mnoha našich plavců. V současné době vedeme polovinu všech kategorií.</p>
<p>Brno, 9. 3. 2023&nbsp; &nbsp; &nbsp; &nbsp; &nbsp; &nbsp; &nbsp; &nbsp; &nbsp; &nbsp; &nbsp; &nbsp; &nbsp; &nbsp; &nbsp; &nbsp; &nbsp; &nbsp; &nbsp; &nbsp; &nbsp; &nbsp; &nbsp; &nbsp; &nbsp; &nbsp; &nbsp; &nbsp; &nbsp; &nbsp; &nbsp; &nbsp; &nbsp; &nbsp; &nbsp; &nbsp; &nbsp; &nbsp; &nbsp; &nbsp; &nbsp; &nbsp; &nbsp; &nbsp; &nbsp; &nbsp; &nbsp; &nbsp;Petr</p>

<p>Naši plavci i nadále zůstávají rozdělení do jednotlivých teritoriálních skupin. Největší skupinou je ta brněnská. Druhou nejstarší pak Severní aliance s plavci z Liberce a Jablonce.&nbsp; Silná je skupina plavců ze Slavkova u Brna, která se stará o téměř polovinu našich úspěchů. Společně v této sezóně pořádáme čtyři soutěže zimního plavání, na Punkvě, ve Slavkově, &hellip; <a href="https://www.otuzilci-brno.cz/?page_id=26" class="more-link">Pokračovat ve čtení<span class="screen-reader-text"> &#8222;Současnost oddílu Fides&#8220;</span></a></p>
