{"id":2700,"date":"2016-12-28T17:52:41","date_gmt":"2016-12-28T16:52:41","guid":{"rendered":"http:\/\/www.otuzilci-brno.cz\/?page_id=2700"},"modified":"2019-03-30T09:02:51","modified_gmt":"2019-03-30T08:02:51","slug":"26-12-2016-praha-memorial-alfreda-nikodema","status":"publish","type":"page","link":"https:\/\/www.otuzilci-brno.cz\/?page_id=2700","title":{"rendered":"26.12.2016 Praha &#8211; Memori\u00e1l Alfr\u00e9da Nikod\u00e9ma"},"content":{"rendered":"<p>Z\u00e1vod v zimn\u00edm plav\u00e1n\u00ed<\/p>\n<p><!--more--><\/p>\n<h4>\u00a9Foto:\u00a0Dalimil Marek<\/h4>\n<div class=\"flickr-justified-gallery-error\"><span style=\"color:red\">Flickr API error: <\/span><span class=\"flickr-justified-gallery-error-msg\">Invalid API Key (Key has invalid format)<\/span><\/div>\n","protected":false},"excerpt":{"rendered":"<p>Z\u00e1vod v zimn\u00edm plav\u00e1n\u00ed<\/p>\n","protected":false},"author":1,"featured_media":2705,"parent":238,"menu_order":54,"comment_status":"closed","ping_status":"closed","template":"","meta":{"ngg_post_thumbnail":0,"footnotes":""},"class_list":["post-2700","page","type-page","status-publish","has-post-thumbnail","hentry"],"_links":{"self":[{"href":"https:\/\/www.otuzilci-brno.cz\/index.php?rest_route=\/wp\/v2\/pages\/2700","targetHints":{"allow":["GET"]}}],"collection":[{"href":"https:\/\/www.otuzilci-brno.cz\/index.php?rest_route=\/wp\/v2\/pages"}],"about":[{"href":"https:\/\/www.otuzilci-brno.cz\/index.php?rest_route=\/wp\/v2\/types\/page"}],"author":[{"embeddable":true,"href":"https:\/\/www.otuzilci-brno.cz\/index.php?rest_route=\/wp\/v2\/users\/1"}],"replies":[{"embeddable":true,"href":"https:\/\/www.otuzilci-brno.cz\/index.php?rest_route=%2Fwp%2Fv2%2Fcomments&post=2700"}],"version-history":[{"count":1,"href":"https:\/\/www.otuzilci-brno.cz\/index.php?rest_route=\/wp\/v2\/pages\/2700\/revisions"}],"predecessor-version":[{"id":2701,"href":"https:\/\/www.otuzilci-brno.cz\/index.php?rest_route=\/wp\/v2\/pages\/2700\/revisions\/2701"}],"up":[{"embeddable":true,"href":"https:\/\/www.otuzilci-brno.cz\/index.php?rest_route=\/wp\/v2\/pages\/238"}],"wp:featuredmedia":[{"embeddable":true,"href":"https:\/\/www.otuzilci-brno.cz\/index.php?rest_route=\/wp\/v2\/media\/2705"}],"wp:attachment":[{"href":"https:\/\/www.otuzilci-brno.cz\/index.php?rest_route=%2Fwp%2Fv2%2Fmedia&parent=2700"}],"curies":[{"name":"wp","href":"https:\/\/api.w.org\/{rel}","templated":true}]}}

26.12.2016 Praha &#8211; Memoriál Alfréda Nikodéma

<p>Závod v zimním plavání</p>
<p><!--more--></p>
<h4>©Foto: Dalimil Marek</h4>
<div class="flickr-justified-gallery-error"><span style="color:red">Flickr API error: </span><span class="flickr-justified-gallery-error-msg">Invalid API Key (Key has invalid format)</span></div>

<p>Závod v zimním plavání</p>
