{"id":2766,"date":"2017-02-07T09:39:58","date_gmt":"2017-02-07T08:39:58","guid":{"rendered":"http:\/\/www.otuzilci-brno.cz\/?page_id=2766"},"modified":"2019-03-30T09:02:50","modified_gmt":"2019-03-30T08:02:50","slug":"4-02-2017-15-rocnik-branicke-ledy-praha","status":"publish","type":"page","link":"https:\/\/www.otuzilci-brno.cz\/?page_id=2766","title":{"rendered":"4.02. 2017 &#8211; 15.Ro\u010dn\u00edk Br\u00e1nick\u00e9 ledy Praha"},"content":{"rendered":"<p>Z\u00e1vod v zimn\u00edm plav\u00e1n\u00ed<\/p>\n<p><!--more--><\/p>\n<h4>\u00a9Foto:\u00a0Dalimil Marek<\/h4>\n<div class=\"flickr-justified-gallery-error\"><span style=\"color:red\">Flickr API error: <\/span><span class=\"flickr-justified-gallery-error-msg\">Invalid API Key (Key has invalid format)<\/span><\/div>\n","protected":false},"excerpt":{"rendered":"<p>Z\u00e1vod v zimn\u00edm plav\u00e1n\u00ed<\/p>\n","protected":false},"author":1,"featured_media":2768,"parent":238,"menu_order":48,"comment_status":"closed","ping_status":"closed","template":"","meta":{"ngg_post_thumbnail":0,"footnotes":""},"class_list":["post-2766","page","type-page","status-publish","has-post-thumbnail","hentry"],"_links":{"self":[{"href":"https:\/\/www.otuzilci-brno.cz\/index.php?rest_route=\/wp\/v2\/pages\/2766","targetHints":{"allow":["GET"]}}],"collection":[{"href":"https:\/\/www.otuzilci-brno.cz\/index.php?rest_route=\/wp\/v2\/pages"}],"about":[{"href":"https:\/\/www.otuzilci-brno.cz\/index.php?rest_route=\/wp\/v2\/types\/page"}],"author":[{"embeddable":true,"href":"https:\/\/www.otuzilci-brno.cz\/index.php?rest_route=\/wp\/v2\/users\/1"}],"replies":[{"embeddable":true,"href":"https:\/\/www.otuzilci-brno.cz\/index.php?rest_route=%2Fwp%2Fv2%2Fcomments&post=2766"}],"version-history":[{"count":1,"href":"https:\/\/www.otuzilci-brno.cz\/index.php?rest_route=\/wp\/v2\/pages\/2766\/revisions"}],"predecessor-version":[{"id":2767,"href":"https:\/\/www.otuzilci-brno.cz\/index.php?rest_route=\/wp\/v2\/pages\/2766\/revisions\/2767"}],"up":[{"embeddable":true,"href":"https:\/\/www.otuzilci-brno.cz\/index.php?rest_route=\/wp\/v2\/pages\/238"}],"wp:featuredmedia":[{"embeddable":true,"href":"https:\/\/www.otuzilci-brno.cz\/index.php?rest_route=\/wp\/v2\/media\/2768"}],"wp:attachment":[{"href":"https:\/\/www.otuzilci-brno.cz\/index.php?rest_route=%2Fwp%2Fv2%2Fmedia&parent=2766"}],"curies":[{"name":"wp","href":"https:\/\/api.w.org\/{rel}","templated":true}]}}

4.02. 2017 &#8211; 15.Ročník Bránické ledy Praha

<p>Závod v zimním plavání</p>
<p><!--more--></p>
<h4>©Foto: Dalimil Marek</h4>
<div class="flickr-justified-gallery-error"><span style="color:red">Flickr API error: </span><span class="flickr-justified-gallery-error-msg">Invalid API Key (Key has invalid format)</span></div>

<p>Závod v zimním plavání</p>
