{"id":3092,"date":"2018-01-06T14:33:19","date_gmt":"2018-01-06T13:33:19","guid":{"rendered":"http:\/\/www.otuzilci-brno.cz\/?page_id=3092"},"modified":"2019-03-30T09:02:50","modified_gmt":"2019-03-30T08:02:50","slug":"18-11-2017-o-ledovo-capo-boba-pacla-2-2-2-2-2","status":"publish","type":"page","link":"https:\/\/www.otuzilci-brno.cz\/?page_id=3092","title":{"rendered":"24.12.2017 &#8211; \u0160t\u011bdrove\u010dern\u00ed koup\u00e1n\u00ed v Jihlavce"},"content":{"rendered":"<p>\u0160t\u011bdrove\u010dern\u00ed koup\u00e1n\u00ed v Jihlavce<br \/>\n<!--more--><\/p>\n<h4>\u00a9Foto:\u00a0Dalimil Marek<\/h4>\n<div class=\"flickr-justified-gallery-error\"><span style=\"color:red\">Flickr API error: <\/span><span class=\"flickr-justified-gallery-error-msg\">Invalid API Key (Key has invalid format)<\/span><\/div>\n","protected":false},"excerpt":{"rendered":"<p>\u0160t\u011bdrove\u010dern\u00ed koup\u00e1n\u00ed v Jihlavce<\/p>\n","protected":false},"author":1,"featured_media":3094,"parent":238,"menu_order":28,"comment_status":"closed","ping_status":"closed","template":"","meta":{"ngg_post_thumbnail":0,"footnotes":""},"class_list":["post-3092","page","type-page","status-publish","has-post-thumbnail","hentry"],"_links":{"self":[{"href":"https:\/\/www.otuzilci-brno.cz\/index.php?rest_route=\/wp\/v2\/pages\/3092","targetHints":{"allow":["GET"]}}],"collection":[{"href":"https:\/\/www.otuzilci-brno.cz\/index.php?rest_route=\/wp\/v2\/pages"}],"about":[{"href":"https:\/\/www.otuzilci-brno.cz\/index.php?rest_route=\/wp\/v2\/types\/page"}],"author":[{"embeddable":true,"href":"https:\/\/www.otuzilci-brno.cz\/index.php?rest_route=\/wp\/v2\/users\/1"}],"replies":[{"embeddable":true,"href":"https:\/\/www.otuzilci-brno.cz\/index.php?rest_route=%2Fwp%2Fv2%2Fcomments&post=3092"}],"version-history":[{"count":1,"href":"https:\/\/www.otuzilci-brno.cz\/index.php?rest_route=\/wp\/v2\/pages\/3092\/revisions"}],"predecessor-version":[{"id":3093,"href":"https:\/\/www.otuzilci-brno.cz\/index.php?rest_route=\/wp\/v2\/pages\/3092\/revisions\/3093"}],"up":[{"embeddable":true,"href":"https:\/\/www.otuzilci-brno.cz\/index.php?rest_route=\/wp\/v2\/pages\/238"}],"wp:featuredmedia":[{"embeddable":true,"href":"https:\/\/www.otuzilci-brno.cz\/index.php?rest_route=\/wp\/v2\/media\/3094"}],"wp:attachment":[{"href":"https:\/\/www.otuzilci-brno.cz\/index.php?rest_route=%2Fwp%2Fv2%2Fmedia&parent=3092"}],"curies":[{"name":"wp","href":"https:\/\/api.w.org\/{rel}","templated":true}]}}