{"id":3188,"date":"2018-03-22T14:52:33","date_gmt":"2018-03-22T13:52:33","guid":{"rendered":"http:\/\/www.otuzilci-brno.cz\/?page_id=3188"},"modified":"2019-03-30T09:02:49","modified_gmt":"2019-03-30T08:02:49","slug":"18-11-2017-o-ledovo-capo-boba-pacla-2-2-2-3-2-4-2-2-2-2-2","status":"publish","type":"page","link":"https:\/\/www.otuzilci-brno.cz\/?page_id=3188","title":{"rendered":"b\u0159ezen 2018 &#8211; Mistrovstv\u00ed sv\u011bta, Tallinn (Estonsko)"},"content":{"rendered":"<p>Mistrovstv\u00ed sv\u011bta v zimn\u00edm plav\u00e1n\u00ed<br \/>\n<!--more--><\/p>\n<div class=\"flickr-justified-gallery-error\"><span style=\"color:red\">Flickr API error: <\/span><span class=\"flickr-justified-gallery-error-msg\">Invalid API Key (Key has invalid format)<\/span><\/div>\n","protected":false},"excerpt":{"rendered":"<p>Mistrovstv\u00ed sv\u011bta v zimn\u00edm plav\u00e1n\u00ed<\/p>\n","protected":false},"author":1,"featured_media":3191,"parent":238,"menu_order":17,"comment_status":"closed","ping_status":"closed","template":"","meta":{"ngg_post_thumbnail":0,"footnotes":""},"class_list":["post-3188","page","type-page","status-publish","has-post-thumbnail","hentry"],"_links":{"self":[{"href":"https:\/\/www.otuzilci-brno.cz\/index.php?rest_route=\/wp\/v2\/pages\/3188","targetHints":{"allow":["GET"]}}],"collection":[{"href":"https:\/\/www.otuzilci-brno.cz\/index.php?rest_route=\/wp\/v2\/pages"}],"about":[{"href":"https:\/\/www.otuzilci-brno.cz\/index.php?rest_route=\/wp\/v2\/types\/page"}],"author":[{"embeddable":true,"href":"https:\/\/www.otuzilci-brno.cz\/index.php?rest_route=\/wp\/v2\/users\/1"}],"replies":[{"embeddable":true,"href":"https:\/\/www.otuzilci-brno.cz\/index.php?rest_route=%2Fwp%2Fv2%2Fcomments&post=3188"}],"version-history":[{"count":2,"href":"https:\/\/www.otuzilci-brno.cz\/index.php?rest_route=\/wp\/v2\/pages\/3188\/revisions"}],"predecessor-version":[{"id":3190,"href":"https:\/\/www.otuzilci-brno.cz\/index.php?rest_route=\/wp\/v2\/pages\/3188\/revisions\/3190"}],"up":[{"embeddable":true,"href":"https:\/\/www.otuzilci-brno.cz\/index.php?rest_route=\/wp\/v2\/pages\/238"}],"wp:featuredmedia":[{"embeddable":true,"href":"https:\/\/www.otuzilci-brno.cz\/index.php?rest_route=\/wp\/v2\/media\/3191"}],"wp:attachment":[{"href":"https:\/\/www.otuzilci-brno.cz\/index.php?rest_route=%2Fwp%2Fv2%2Fmedia&parent=3188"}],"curies":[{"name":"wp","href":"https:\/\/api.w.org\/{rel}","templated":true}]}}

březen 2018 &#8211; Mistrovství světa, Tallinn (Estonsko)

<p>Mistrovství světa v zimním plavání<br />
<!--more--></p>
<div class="flickr-justified-gallery-error"><span style="color:red">Flickr API error: </span><span class="flickr-justified-gallery-error-msg">Invalid API Key (Key has invalid format)</span></div>

<p>Mistrovství světa v zimním plavání</p>
