{"id":32,"date":"2013-12-03T11:57:20","date_gmt":"2013-12-03T11:57:20","guid":{"rendered":"http:\/\/www.otuzilci-brno.cz\/?page_id=32"},"modified":"2014-02-06T13:15:02","modified_gmt":"2014-02-06T12:15:02","slug":"sponzori","status":"publish","type":"page","link":"https:\/\/www.otuzilci-brno.cz\/?page_id=32","title":{"rendered":"Sponzo\u0159i"},"content":{"rendered":"<p>Provoz odd\u00edlu si vy\u017eaduje nemal\u00e9 finan\u010dn\u00ed prost\u0159edky a proto jsme velice r\u00e1di, \u017ee n\u00e1s v na\u0161\u00ed \u010dinnosti podporuje spole\u010dnost <a href=\"http:\/\/www.fides.cz\">Trade FIDES, a.s.<\/a>.<\/p>\n<p><img loading=\"lazy\" decoding=\"async\" class=\"aligncenter\" style=\"text-align: center;\" alt=\"logo Trade Fides\" src=\"http:\/\/www.otuzilci-brno.cz\/wp-content\/images\/logo_sponzor.png\" width=\"120\" height=\"72\" \/><\/p>\n<p>Na \u010dinnost odd\u00edlu t\u00e9\u017e p\u0159isp\u00edv\u00e1\u00a0<a href=\"http:\/\/www.brno.cz\">Statut\u00e1rn\u00ed m\u011bsto Brno<\/a>.<\/p>\n<p><img loading=\"lazy\" decoding=\"async\" class=\"aligncenter\" alt=\"Logo Brno\" src=\"http:\/\/www.otuzilci-brno.cz\/wp-content\/images\/logo_brno.png\" width=\"125\" height=\"56\" \/><\/p>\n<p>P\u0159es ve\u0161kerou finan\u010dn\u00ed pomoc v\u00fd\u0161e zm\u00edn\u011bn\u00fdch partner\u016f pot\u0159ebuje odd\u00edl ke sv\u00e9mu rozvoji dal\u0161\u00ed prost\u0159edky. V\u00edt\u00e1me proto jak\u00e9koli partnery a sponzory, kte\u0159\u00ed by p\u0159isp\u011bli odd\u00edlu na jeho \u010dinnost. Formy mohou b\u00fdt r\u016fzn\u00e9 &#8211; od ide\u00e1ln\u00edch finan\u010dn\u00edch prost\u0159edk\u016f (mo\u017enost odeps\u00e1n\u00ed dar\u016f z dan\u00ed), p\u0159es materi\u00e1ln\u00ed zabezpe\u010den\u00ed a\u017e po slevy k n\u00e1kupu materi\u00e1l\u016f. Pokud m\u016f\u017eete p\u0159isp\u011bt, <a href=\"\/?page_id=46\">kontaktujte<\/a> n\u00e1s.<\/p>\n<p>Na\u0161im sponzor\u016fm a partner\u016fm nab\u00edz\u00edme:<\/p>\n<ul>\n<li>odkazy na webu <a href=\"http:\/\/www.otuzilci-brno.cz\">www.otuzilci-brno.cz<\/a><\/li>\n<li>reklamn\u00ed n\u00e1pisy na odd\u00edlov\u00fdch oble\u010den\u00edch (fleecov\u00fdch bund\u00e1ch, tri\u010dk\u00e1ch apod.)<\/li>\n<li>reklamn\u00ed pouta\u010de na v\u0161ech z\u00e1vodech a akc\u00edch po\u0159\u00e1dan\u00fdch odd\u00edlem Fides Brno<\/li>\n<li>distribuce propaga\u010dn\u00edch materi\u00e1l\u016f, pop\u0159. v\u00fdrobk\u016f na v\u0161ech z\u00e1vodech a akc\u00edch po\u0159\u00e1dan\u00fdch Fides Brno.<\/li>\n<li>poskytnut\u00ed fyzick\u00e9ho prostoru p\u0159i na\u0161ich akc\u00edch, nap\u0159. pro reklamn\u00ed st\u00e1nek \u010di stan.<\/li>\n<li>Zve\u0159ejn\u011bn\u00ed moder\u00e1torem p\u0159i akc\u00edch.<\/li>\n<li>P\u0159\u00edpadn\u011b dal\u0161\u00ed propagace dle mo\u017enost\u00ed odd\u00edlu podle Va\u0161eho p\u0159\u00e1n\u00ed<\/li>\n<\/ul>\n<p>V\u00edce o na\u0161ich sponzorech se dozv\u00edte v n\u00e1sleduj\u00edc\u00edch \u010dl\u00e1nc\u00edch:<\/p>\n<style \n[display-posts include_excerpt=\"true\" category=\"sponzor\" image_size=\"medium\" wrapper=\"div\" orderby=\"date\" order=\"asc\"]\n<\/p>\n","protected":false},"excerpt":{"rendered":"<p>Provoz odd\u00edlu si vy\u017eaduje nemal\u00e9 finan\u010dn\u00ed prost\u0159edky a proto jsme velice r\u00e1di, \u017ee n\u00e1s v na\u0161\u00ed \u010dinnosti podporuje spole\u010dnost Trade FIDES, a.s.. Na \u010dinnost odd\u00edlu t\u00e9\u017e p\u0159isp\u00edv\u00e1\u00a0Statut\u00e1rn\u00ed m\u011bsto Brno. P\u0159es ve\u0161kerou finan\u010dn\u00ed pomoc v\u00fd\u0161e zm\u00edn\u011bn\u00fdch partner\u016f pot\u0159ebuje odd\u00edl ke sv\u00e9mu rozvoji dal\u0161\u00ed prost\u0159edky. V\u00edt\u00e1me proto jak\u00e9koli partnery a sponzory, kte\u0159\u00ed by p\u0159isp\u011bli odd\u00edlu na jeho &hellip; <a href=\"https:\/\/www.otuzilci-brno.cz\/?page_id=32\" class=\"more-link\">Pokra\u010dovat ve \u010dten\u00ed<span class=\"screen-reader-text\"> &#8222;Sponzo\u0159i&#8220;<\/span><\/a><\/p>\n","protected":false},"author":1,"featured_media":0,"parent":22,"menu_order":0,"comment_status":"closed","ping_status":"open","template":"","meta":{"ngg_post_thumbnail":0,"footnotes":""},"class_list":["post-32","page","type-page","status-publish","hentry"],"_links":{"self":[{"href":"https:\/\/www.otuzilci-brno.cz\/index.php?rest_route=\/wp\/v2\/pages\/32","targetHints":{"allow":["GET"]}}],"collection":[{"href":"https:\/\/www.otuzilci-brno.cz\/index.php?rest_route=\/wp\/v2\/pages"}],"about":[{"href":"https:\/\/www.otuzilci-brno.cz\/index.php?rest_route=\/wp\/v2\/types\/page"}],"author":[{"embeddable":true,"href":"https:\/\/www.otuzilci-brno.cz\/index.php?rest_route=\/wp\/v2\/users\/1"}],"replies":[{"embeddable":true,"href":"https:\/\/www.otuzilci-brno.cz\/index.php?rest_route=%2Fwp%2Fv2%2Fcomments&post=32"}],"version-history":[{"count":12,"href":"https:\/\/www.otuzilci-brno.cz\/index.php?rest_route=\/wp\/v2\/pages\/32\/revisions"}],"predecessor-version":[{"id":938,"href":"https:\/\/www.otuzilci-brno.cz\/index.php?rest_route=\/wp\/v2\/pages\/32\/revisions\/938"}],"up":[{"embeddable":true,"href":"https:\/\/www.otuzilci-brno.cz\/index.php?rest_route=\/wp\/v2\/pages\/22"}],"wp:attachment":[{"href":"https:\/\/www.otuzilci-brno.cz\/index.php?rest_route=%2Fwp%2Fv2%2Fmedia&parent=32"}],"curies":[{"name":"wp","href":"https:\/\/api.w.org\/{rel}","templated":true}]}}