{"id":3467,"date":"2018-12-03T16:48:37","date_gmt":"2018-12-03T15:48:37","guid":{"rendered":"http:\/\/www.otuzilci-brno.cz\/?page_id=3467"},"modified":"2019-03-30T09:02:49","modified_gmt":"2019-03-30T08:02:49","slug":"18-11-2017-o-ledovo-capo-boba-pacla-2-2-2-3-2-4-2-2-2-2-3-4-2-2-2","status":"publish","type":"page","link":"https:\/\/www.otuzilci-brno.cz\/?page_id=3467","title":{"rendered":"Hradec Kr\u00e1lov\u00e9 &#8211; 47. ro\u010dn\u00edk &#8211; 1.12.2018"},"content":{"rendered":"<p>Z\u00e1vod zimn\u00edho plav\u00e1n\u00ed.<\/p>\n<h4>\u00a9Foto:\u00a0Dalimil Marek<\/h4>\n<div class=\"flickr-justified-gallery-error\"><span style=\"color:red\">Flickr API error: <\/span><span class=\"flickr-justified-gallery-error-msg\">Invalid API Key (Key has invalid format)<\/span><\/div>\n","protected":false},"excerpt":{"rendered":"<p>Z\u00e1vod zimn\u00edho plav\u00e1n\u00ed. \u00a9Foto:\u00a0Dalimil Marek<\/p>\n","protected":false},"author":1,"featured_media":3469,"parent":238,"menu_order":7,"comment_status":"closed","ping_status":"closed","template":"","meta":{"ngg_post_thumbnail":0,"footnotes":""},"class_list":["post-3467","page","type-page","status-publish","has-post-thumbnail","hentry"],"_links":{"self":[{"href":"https:\/\/www.otuzilci-brno.cz\/index.php?rest_route=\/wp\/v2\/pages\/3467","targetHints":{"allow":["GET"]}}],"collection":[{"href":"https:\/\/www.otuzilci-brno.cz\/index.php?rest_route=\/wp\/v2\/pages"}],"about":[{"href":"https:\/\/www.otuzilci-brno.cz\/index.php?rest_route=\/wp\/v2\/types\/page"}],"author":[{"embeddable":true,"href":"https:\/\/www.otuzilci-brno.cz\/index.php?rest_route=\/wp\/v2\/users\/1"}],"replies":[{"embeddable":true,"href":"https:\/\/www.otuzilci-brno.cz\/index.php?rest_route=%2Fwp%2Fv2%2Fcomments&post=3467"}],"version-history":[{"count":1,"href":"https:\/\/www.otuzilci-brno.cz\/index.php?rest_route=\/wp\/v2\/pages\/3467\/revisions"}],"predecessor-version":[{"id":3468,"href":"https:\/\/www.otuzilci-brno.cz\/index.php?rest_route=\/wp\/v2\/pages\/3467\/revisions\/3468"}],"up":[{"embeddable":true,"href":"https:\/\/www.otuzilci-brno.cz\/index.php?rest_route=\/wp\/v2\/pages\/238"}],"wp:featuredmedia":[{"embeddable":true,"href":"https:\/\/www.otuzilci-brno.cz\/index.php?rest_route=\/wp\/v2\/media\/3469"}],"wp:attachment":[{"href":"https:\/\/www.otuzilci-brno.cz\/index.php?rest_route=%2Fwp%2Fv2%2Fmedia&parent=3467"}],"curies":[{"name":"wp","href":"https:\/\/api.w.org\/{rel}","templated":true}]}}

Hradec Králové &#8211; 47. ročník &#8211; 1.12.2018

<p>Závod zimního plavání.</p>
<h4>©Foto: Dalimil Marek</h4>
<div class="flickr-justified-gallery-error"><span style="color:red">Flickr API error: </span><span class="flickr-justified-gallery-error-msg">Invalid API Key (Key has invalid format)</span></div>

<p>Závod zimního plavání. ©Foto: Dalimil Marek</p>
