{"id":575,"date":"2014-01-11T12:11:57","date_gmt":"2014-01-11T11:11:57","guid":{"rendered":"http:\/\/www.otuzilci-brno.cz\/?page_id=575"},"modified":"2019-03-30T09:02:53","modified_gmt":"2019-03-30T08:02:53","slug":"2014-pardubice-2","status":"publish","type":"page","link":"https:\/\/www.otuzilci-brno.cz\/?page_id=575","title":{"rendered":"1.1.2014 &#8211; K\u0159est otu\u017eilc\u016f Brno"},"content":{"rendered":"<h4><!--more-->\u00a9Iva Snopkov\u00e1<\/h4>\n<pre><div class=\"flickr-justified-gallery-error\"><span style=\"color:red\">Flickr API error: <\/span><span class=\"flickr-justified-gallery-error-msg\">Invalid API Key (Key has invalid format)<\/span><\/div><\/pre>\n<p>P.S. Vzkaz pro <em>\u00fa\u010dinkuj\u00edc\u00ed:<\/em> v\u011bt\u0161inu fota po\u0159\u00eddila Iva Snopkov\u00e1, kter\u00e9 za to pat\u0159\u00ed d\u00edk. Na Flickr jsem dal pouze men\u0161\u00ed rozli\u0161en\u00ed, kdo by po\u017eadoval pln\u00fdch 15Mpix, po\u0161lete mi mail. R. Kure\u010dka (na gmailu).<\/p>\n<h4>\u00a9Foto: Dalimil Marek<\/h4>\n<div class=\"flickr-justified-gallery-error\"><span style=\"color:red\">Flickr API error: <\/span><span class=\"flickr-justified-gallery-error-msg\">Invalid API Key (Key has invalid format)<\/span><\/div>\n<h4>\u00a9Foto: Jan Zmek<\/h4>\n<div class=\"flickr-justified-gallery-error\"><span style=\"color:red\">Flickr API error: <\/span><span class=\"flickr-justified-gallery-error-msg\">Invalid API Key (Key has invalid format)<\/span><\/div>\n","protected":false},"excerpt":{"rendered":"","protected":false},"author":1,"featured_media":582,"parent":238,"menu_order":146,"comment_status":"closed","ping_status":"open","template":"","meta":{"ngg_post_thumbnail":0,"footnotes":""},"class_list":["post-575","page","type-page","status-publish","has-post-thumbnail","hentry"],"_links":{"self":[{"href":"https:\/\/www.otuzilci-brno.cz\/index.php?rest_route=\/wp\/v2\/pages\/575","targetHints":{"allow":["GET"]}}],"collection":[{"href":"https:\/\/www.otuzilci-brno.cz\/index.php?rest_route=\/wp\/v2\/pages"}],"about":[{"href":"https:\/\/www.otuzilci-brno.cz\/index.php?rest_route=\/wp\/v2\/types\/page"}],"author":[{"embeddable":true,"href":"https:\/\/www.otuzilci-brno.cz\/index.php?rest_route=\/wp\/v2\/users\/1"}],"replies":[{"embeddable":true,"href":"https:\/\/www.otuzilci-brno.cz\/index.php?rest_route=%2Fwp%2Fv2%2Fcomments&post=575"}],"version-history":[{"count":3,"href":"https:\/\/www.otuzilci-brno.cz\/index.php?rest_route=\/wp\/v2\/pages\/575\/revisions"}],"predecessor-version":[{"id":732,"href":"https:\/\/www.otuzilci-brno.cz\/index.php?rest_route=\/wp\/v2\/pages\/575\/revisions\/732"}],"up":[{"embeddable":true,"href":"https:\/\/www.otuzilci-brno.cz\/index.php?rest_route=\/wp\/v2\/pages\/238"}],"wp:featuredmedia":[{"embeddable":true,"href":"https:\/\/www.otuzilci-brno.cz\/index.php?rest_route=\/wp\/v2\/media\/582"}],"wp:attachment":[{"href":"https:\/\/www.otuzilci-brno.cz\/index.php?rest_route=%2Fwp%2Fv2%2Fmedia&parent=575"}],"curies":[{"name":"wp","href":"https:\/\/api.w.org\/{rel}","templated":true}]}}