{"id":634,"date":"2014-01-12T10:48:18","date_gmt":"2014-01-12T09:48:18","guid":{"rendered":"http:\/\/www.otuzilci-brno.cz\/?page_id=634"},"modified":"2019-03-30T09:02:54","modified_gmt":"2019-03-30T08:02:54","slug":"mcr-slavkov-2010-2-3-18","status":"publish","type":"page","link":"https:\/\/www.otuzilci-brno.cz\/?page_id=634","title":{"rendered":"Z\u00e1horsk\u00e1 ves 1.1.2008"},"content":{"rendered":"<p>Plavba Slovensko &#8211; Rakousko a zp\u011bt na po\u010dest zru\u0161en\u00ed pohrani\u010dn\u00edch kontrol.<br \/>\n<div class=\"flickr-justified-gallery-error\"><span style=\"color:red\">Flickr API error: <\/span><span class=\"flickr-justified-gallery-error-msg\">Invalid API Key (Key has invalid format)<\/span><\/div>\n","protected":false},"excerpt":{"rendered":"<p>Plavba Slovensko &#8211; Rakousko a zp\u011bt na po\u010dest zru\u0161en\u00ed pohrani\u010dn\u00edch kontrol.<\/p>\n","protected":false},"author":1,"featured_media":649,"parent":238,"menu_order":175,"comment_status":"closed","ping_status":"open","template":"","meta":{"ngg_post_thumbnail":0,"footnotes":""},"class_list":["post-634","page","type-page","status-publish","has-post-thumbnail","hentry"],"_links":{"self":[{"href":"https:\/\/www.otuzilci-brno.cz\/index.php?rest_route=\/wp\/v2\/pages\/634","targetHints":{"allow":["GET"]}}],"collection":[{"href":"https:\/\/www.otuzilci-brno.cz\/index.php?rest_route=\/wp\/v2\/pages"}],"about":[{"href":"https:\/\/www.otuzilci-brno.cz\/index.php?rest_route=\/wp\/v2\/types\/page"}],"author":[{"embeddable":true,"href":"https:\/\/www.otuzilci-brno.cz\/index.php?rest_route=\/wp\/v2\/users\/1"}],"replies":[{"embeddable":true,"href":"https:\/\/www.otuzilci-brno.cz\/index.php?rest_route=%2Fwp%2Fv2%2Fcomments&post=634"}],"version-history":[{"count":1,"href":"https:\/\/www.otuzilci-brno.cz\/index.php?rest_route=\/wp\/v2\/pages\/634\/revisions"}],"predecessor-version":[{"id":650,"href":"https:\/\/www.otuzilci-brno.cz\/index.php?rest_route=\/wp\/v2\/pages\/634\/revisions\/650"}],"up":[{"embeddable":true,"href":"https:\/\/www.otuzilci-brno.cz\/index.php?rest_route=\/wp\/v2\/pages\/238"}],"wp:featuredmedia":[{"embeddable":true,"href":"https:\/\/www.otuzilci-brno.cz\/index.php?rest_route=\/wp\/v2\/media\/649"}],"wp:attachment":[{"href":"https:\/\/www.otuzilci-brno.cz\/index.php?rest_route=%2Fwp%2Fv2%2Fmedia&parent=634"}],"curies":[{"name":"wp","href":"https:\/\/api.w.org\/{rel}","templated":true}]}}

Záhorská ves 1.1.2008

<p>Plavba Slovensko &#8211; Rakousko a zpět na počest zrušení pohraničních kontrol.<br />
<div class="flickr-justified-gallery-error"><span style="color:red">Flickr API error: </span><span class="flickr-justified-gallery-error-msg">Invalid API Key (Key has invalid format)</span></div>

<p>Plavba Slovensko &#8211; Rakousko a zpět na počest zrušení pohraničních kontrol.</p>
