{"id":699,"date":"2014-01-12T20:42:24","date_gmt":"2014-01-12T19:42:24","guid":{"rendered":"http:\/\/www.otuzilci-brno.cz\/?page_id=699"},"modified":"2023-03-08T08:57:27","modified_gmt":"2023-03-08T07:57:27","slug":"prehled-ziskanych-medaili-z-mistrovstvi-cr-od-vzniku-chronologicky-prehled-2-3-2-2","status":"publish","type":"page","link":"https:\/\/www.otuzilci-brno.cz\/?page_id=699","title":{"rendered":"Bronzov\u00e9 medaile v r\u00e1mci Mistrovstv\u00ed \u010cR, chronologicky"},"content":{"rendered":"\n                <div id=\"eov69e8b4ff84cec\" class=\"eov_doc\">\r\n                    <iframe loading=\"lazy\" src=\"https:\/\/view.officeapps.live.com\/op\/embed.aspx?src=https:\/\/www.otuzilci-brno.cz\/wp-content\/uploads\/Medaile_Fides_2000_2026_medaile_bronz.xlsx\" width=\"445px\" height=\"900px\" frameborder=\"0\"><\/iframe>\r\n                <\/div>\r\n    \n","protected":false},"excerpt":{"rendered":"","protected":false},"author":1,"featured_media":0,"parent":550,"menu_order":9,"comment_status":"closed","ping_status":"open","template":"","meta":{"ngg_post_thumbnail":0,"footnotes":""},"class_list":["post-699","page","type-page","status-publish","hentry"],"_links":{"self":[{"href":"https:\/\/www.otuzilci-brno.cz\/index.php?rest_route=\/wp\/v2\/pages\/699","targetHints":{"allow":["GET"]}}],"collection":[{"href":"https:\/\/www.otuzilci-brno.cz\/index.php?rest_route=\/wp\/v2\/pages"}],"about":[{"href":"https:\/\/www.otuzilci-brno.cz\/index.php?rest_route=\/wp\/v2\/types\/page"}],"author":[{"embeddable":true,"href":"https:\/\/www.otuzilci-brno.cz\/index.php?rest_route=\/wp\/v2\/users\/1"}],"replies":[{"embeddable":true,"href":"https:\/\/www.otuzilci-brno.cz\/index.php?rest_route=%2Fwp%2Fv2%2Fcomments&post=699"}],"version-history":[{"count":9,"href":"https:\/\/www.otuzilci-brno.cz\/index.php?rest_route=\/wp\/v2\/pages\/699\/revisions"}],"predecessor-version":[{"id":7137,"href":"https:\/\/www.otuzilci-brno.cz\/index.php?rest_route=\/wp\/v2\/pages\/699\/revisions\/7137"}],"up":[{"embeddable":true,"href":"https:\/\/www.otuzilci-brno.cz\/index.php?rest_route=\/wp\/v2\/pages\/550"}],"wp:attachment":[{"href":"https:\/\/www.otuzilci-brno.cz\/index.php?rest_route=%2Fwp%2Fv2%2Fmedia&parent=699"}],"curies":[{"name":"wp","href":"https:\/\/api.w.org\/{rel}","templated":true}]}}